r?
True
Let g(p) = p**3 + 2*p**2 - 25*p + 2. Let s be g(-5). Is (-4)/(s/(-237265)) + (-4)/26 composite?
False
Is 141566/(-8)*(3344/1045)/((-2)/5) a prime number?
False
Suppose 35*q = 114*q - 37*q - 22297926. Is q prime?
False
Let s(t) = 4*t**2 - 28*t - 37. Suppose -4*y = -r, 22*r - 23*r + 24 = 4*y. Is s(r) a prime number?
False
Suppose 7*c = 5*c + 10. Suppose 6*m - c*m = 3377. Is m a prime number?
False
Suppose -3*x - 1243 = -5*d, 3*d - 2*d + 4 = 0. Let z be (-10855)/260 + ((-1)/4 - 0). Let o = z - x. Is o a composite number?
False
Suppose -4*h = f + 3*f - 32, -3*h + 3*f = -36. Let u be 3/h*2*85/17. Suppose -u*k + 568 + 59 = 0. Is k composite?
True
Let a = 1267 + 32436. Is a prime?
True
Let s be (-13)/(-1) + -1*5. Suppose 0 = 4*y + s, -2*y = -2*k + 924 - 250. Is k a composite number?
True
Let j(r) = 3*r**2 - 10*r + 3. Let a be j(3). Suppose a = -12*h - 9880 + 80128. Is h a prime number?
False
Let f(k) = -9*k**3 + 19*k**2 + 30*k - 1. Suppose -3*d + 10 = -3*q + 37, 4*q + 27 = -3*d. Is f(d) composite?
False
Suppose -l - 259 = -60. Let q be l*(-6)/(3 + 0) - -1. Suppose -x = 2*x - q. Is x a composite number?
True
Suppose t + 0*j + 5*j = -8, -2*t = -2*j + 4. Let c be (-7742)/(-2) - (-1)/((-1)/t). Suppose -57*r = -55*r - c. Is r a composite number?
True
Suppose 4*v - 4*y - 606185 = 3*v, -5*y - 15 = 0. Is v a prime number?
True
Suppose 8656 = 7*f + 9*f. Suppose 0 = 78*x - 77*x - f. Is x prime?
True
Suppose 18*o - 95 = 13*o. Let y be 2/o - 1706/(-38). Suppose -220 = -z + y. Is z prime?
False
Let o = 51 - 46. Suppose 3*j - 705 = -3*h, 0 = 4*h - 3*h + o*j - 227. Let p = h + -126. Is p a prime number?
False
Suppose 7*z = r + 10*z - 9, 4*z = -2*r + 16. Suppose -r*f + 5032 = -4*f. Suppose -2*s + f + 314 = 0. Is s a prime number?
False
Let t = -1781 - -1788. Let f be 2/(1 + (-24)/26). Let l = f - t. Is l a composite number?
False
Suppose 0 = -119*r + 394*r - 59808925. Is r a prime number?
False
Let v(l) = 991*l + 174. Let s(h) = 991*h + 174. Let q(w) = -5*s(w) + 6*v(w). Is q(7) a prime number?
False
Let k(c) = 23*c**2 + 45*c + 345. Is k(12) prime?
False
Let p be (-4)/(-14)*3291 - (-58)/(-203). Let d = 262 - p. Is (-28 - -27) + 1*-1*d prime?
True
Let a(r) = -9094*r - 685. Is a(-24) a prime number?
False
Suppose t + v = -3*v + 52509, t = -5*v + 52513. Is t prime?
False
Suppose 11*x + 115 + 248 = 0. Let k = x - -37. Suppose -u + g - 3186 = -5*u, 4*g + 3196 = k*u. Is u a prime number?
True
Is ((-1361)/2)/((-100)/(-75)*(-6)/80) prime?
False
Let j(d) = -d**2 - 20*d - 6. Let x be j(-21). Let g be -12*3*(-30)/x. Is (-6738)/(-4)*g/(-12) prime?
False
Is (2417190/9 - 3) + 48/(-72) prime?
True
Suppose n - 1568 = -3*n + 5*y, -3*y - 392 = -n. Suppose -1581 = -b + n. Is b a prime number?
True
Is (-8)/2 - (1083/114)/((-1)/5946) composite?
True
Let x be 2/(-11) - (384/(-11))/(-6). Is (353 - -6)*(x - -7) a prime number?
True
Suppose 20*q - 8*q - 10704 = 0. Suppose 11*s - 7*s = -q. Is s/((2/18)/((-4)/12)) prime?
False
Suppose 0 = -4*b - 4*m + 5748, 2*m + 3360 = 4*b - 2376. Suppose -508 = -i - 2*d + b, -9 = 3*d. Is i a composite number?
False
Is (-5 - 0 - -548146) + (7 - -5) a prime number?
True
Let b = -64563 - -128530. Is b composite?
True
Suppose 4*u - 5*k = 61958, -3*u + 24755 = -3*k - 21715. Suppose 4980 = 8*i - u. Is i composite?
True
Let w = 30912 + 6999. Is w a prime number?
False
Let m be ((-1)/(-1)*2)/(16/32). Let b be (-7)/(14/8) + (m - -4). Suppose -b*j + 2*z = -2156, 0*j - 2*j - 4*z + 1098 = 0. Is j composite?
False
Let a be (-36)/(-15) - (-9)/15. Suppose a*b - 3865 = -2*l, -5*l + 10*b - 14*b + 9659 = 0. Is l a prime number?
True
Suppose 22*u - 12 = 18*u. Suppose 0 = -u*y - 2*y - 7670. Let x = y - -2277. Is x a composite number?
False
Let r(d) = 110919*d - 544. Is r(5) a composite number?
False
Suppose 3*l = -a + 47, 5*l = 2*a + 40 + 42. Suppose 20*m = l*m - 8. Let y(s) = -160*s - 9. Is y(m) a prime number?
True
Suppose 0 = -7*b + 17112 + 18147. Let q = b - 3466. Is q prime?
True
Suppose 11*t + 28*t = -5*t + 5125956. Is t composite?
True
Suppose 5*t - 5 = -3*r, -4*t + 0*t = -4*r + 28. Suppose 4*l + 4*n - 1692 = 0, -r*n + 3*n = 8. Is l a prime number?
False
Let t be (-2)/(-3) + 26/6. Suppose -t*b + 244 + 406 = 5*r, 3*b = 0. Let l = -71 + r. Is l composite?
False
Suppose 2*c - 1637818 = -3*k, -456318 = -c - k + 362587. Is c a composite number?
False
Let c be ((-1906)/6)/((-3)/18). Let n = 3339 - c. Is n/3 - (-8)/6 prime?
True
Suppose 0 = -u - 3*a - 22, -3*u + 14 - 47 = -2*a. Let l(c) = 47*c**2 + 22*c - 44. Is l(u) a prime number?
False
Suppose -69*h + 61*h = -152. Let a(x) = 122*x - 97. Is a(h) prime?
True
Suppose 1324649 - 523755 = 180*s - 584926. Is s a prime number?
True
Let r(g) = g**3 - 59*g**2 + 128*g - 243. Is r(58) a composite number?
True
Let u(d) = -103*d**3 + d**2 - d + 6. Let p be u(2). Let k = p + 4913. Is k composite?
True
Let t(h) be the second derivative of 12889*h**4/12 - h**3/2 + 3*h**2/2 + 208*h. Is t(1) a composite number?
False
Let p(q) = -q**2 - 6*q - 7. Let t be p(-1). Let f be 4 + -1 - t - 10. Is f + 2 + 6 - (-416 + 0) composite?
False
Let l(u) = 427*u**2 + 7*u + 2933. Is l(-42) a composite number?
True
Let u(w) = -w**2 + 11*w + 60. Let q be u(15). Suppose 8*s + q*s - 71256 = 0. Is s prime?
False
Suppose -118*g + 123*g = 0. Suppose 0 = 16*n - 19*n + 2*s + 11583, -n + 2*s + 3857 = g. Is n composite?
False
Let n(g) = 20*g - 4 - 79*g - 1 - 12. Let b be n(-6). Suppose 450 + b = y. Is y prime?
True
Suppose 93*a = 13509252 + 1013442. Is a a composite number?
True
Let z(w) = w**2 - 39*w - 13. Let m = -92 + 68. Is z(m) a prime number?
True
Let g be ((-10)/3 + 2)*-102. Suppose -32*b = -41*b - 207. Let j = b + g. Is j a prime number?
True
Suppose -s - 9 = p - 4, 0 = -4*s - 5*p - 25. Suppose -3*j - 3 = -3*o, -3*o + 4*o + 2*j - 4 = s. Suppose 24 = h + 3*h + 4*d, o*h = 3*d + 32. Is h prime?
False
Let v(a) = 638*a**2 + 33*a - 5. Let h be v(7). Suppose 5050 = 2*i - h. Is i a prime number?
True
Let x(s) = 14*s - 3. Let a be x(-3). Let u(d) = -2*d**3 - 2*d**2 + 7*d + 14. Let q be u(-6). Let v = q + a. Is v a composite number?
True
Let x = 4667 + 31762. Is x a prime number?
False
Let v(b) = 15*b**2 + 13*b + 27. Let s = 25 - 14. Let c be v(s). Suppose h + 5*z - 537 = 110, -3*h + c = 4*z. Is h a composite number?
True
Suppose 25*v = 32*v - 192255. Let m = -15334 + v. Is m a composite number?
True
Suppose -17*z + 16*z + 168709 = -4*d, 4*z - 2*d = 674794. Is z a prime number?
True
Suppose 20*c = 12*c + 16. Is (-18)/27*(-35871)/c a composite number?
True
Suppose 59*k = 58*k + 3*d + 146215, 0 = -3*d - 24. Is k composite?
False
Suppose -9*f - 1950910 = -5935453. Suppose -4*g = 19*g - f. Is g a prime number?
True
Suppose r + 0 = -3*l + 2, 0 = -2*l - 4*r + 8. Suppose 5*d - 4*d + b - 69 = l, -d - 5*b + 49 = 0. Is d*2/(-8)*-2 a prime number?
True
Let p be (-182074)/(-18) - ((-8)/36)/(-1). Suppose 0 = -7*c + 19194 + p. Is c prime?
False
Let p(q) = 4*q**2 - 58*q + 39. Let u be (-1610)/105*(-3)/2. Is p(u) a composite number?
False
Let z(k) = 534*k**3 + 20*k**2 - 24*k - 3. Is z(10) prime?
True
Let o(x) = -6728*x + 6017. Is o(-9) prime?
True
Let j = 521454 - 314959. Is j composite?
True
Suppose 3*p + 4*p - 28 = 0. Let v(f) = 2*f**3 + 2*f**2 - f - 1. Let a be v(1). Suppose 4*q - 4*r = -3*r + 2520, -2516 = -p*q + a*r. Is q prime?
True
Suppose -122245 = -28*a - 496269. Is 15*24/40 - a a composite number?
False
Suppose 5*s + 3*s = -3896. Let c = 1232 + s. Is c prime?
False
Let q(o) = -o**2 - 81*o - 792. Let s be q(-10). Suppose 76 + 229 = -5*z. Let x = z - s. Is x composite?
True
Suppose 4*i - 2*f - 160372 = 0, -4*i - 19*f + 20*f = -160368. Is i prime?
False
Let i = -2006293 - -3632466. Is i a prime number?
True
Suppose -21 = -4*z + 127. Let q = -51 + 528. Suppose z = 2*c - q. Is c a prime number?
True
Is 164550425/175 + (-24)/(-28) a composite number?
True
Suppose -2*m = 2*x - 25381 - 33653, -m + 88551 = 3*x. Is x a prime number?
False
Suppose j = -3*k + 355349, 0 = -78*k + 79*k - 3*j - 118463. Is k prime?
False
Is (-26)/260 - (-5)/((-100)/(-383422)) a composite number?
True
Let u(g) = 48*g**2 + 32*g + 4. Let n be u(-17). Suppose -2*c = -w - n, c - 2079 = -5*w + 4598. Is c a prime number?
False
Suppose -56 = -5*g + 44. Is ((-10)/g)/(2/(-1948)) composite?
False
Suppose 8*n = 